+ 7*w = 216. Let y = w - 48. Calculate the highest common factor of 24 and y.
24
Let x = -1016 + 1020. Calculate the highest common factor of x and 118.
2
Let l(s) = -90*s - 2429. Let x be l(-27). Suppose 0 = -5*g + 33 + 2. What is the greatest common factor of x and g?
1
Let p(b) = b. Let s be p(2). Suppose s*k = k + 2. Calculate the greatest common divisor of k and 20.
2
Suppose 3*t - y - 11 - 47 = 0, t - 14 = 3*y. Suppose 97 = 5*r - 53. Calculate the greatest common factor of r and t.
10
Let z = 9 - 23. Let g = -15 - z. Let k = g - -19. Calculate the greatest common divisor of 6 and k.
6
Suppose 2*d + 489 = 2*f + 3*f, -2*d = 4*f - 402. Let b = f - -61. Calculate the highest common factor of b and 20.
20
Suppose -4*j = 2*a + 29 - 109, 5*a - 20 = 0. Let i be 3/j*-3*-12. Let r be i/2 + 20/4. What is the greatest common factor of r and 40?
8
Suppose 0 = -574*a + 567*a + 448. What is the highest common divisor of 12 and a?
4
Let o = -843 + 897. What is the highest common factor of 189 and o?
27
Suppose p + 4*l + 58 = 78, -2*p = -3*l - 18. Let f = 1 + -1. Suppose -2*x + 51 - 3 = f. Calculate the greatest common divisor of x and p.
12
Suppose 2*n = 3*w - 739, 4*n - 2*n = -5*w + 1221. Calculate the highest common divisor of w and 70.
35
Let k(v) = v + 3. Let y be k(5). Let z(i) = i**3 - 7*i**2 - 7*i + 12. Let j be z(y). What is the greatest common factor of 4 and j?
4
Let x be (-5)/((-20)/48)*68/8. What is the greatest common divisor of x and 34?
34
Let i(m) = m + 24. Let j be i(-9). What is the greatest common factor of j and 20?
5
Suppose 4*w = 3*z + 192, 180 = -5*z - 5*w - 105. Let b = z - -94. What is the highest common factor of b and 4?
2
Suppose -80*h + 28*h = -15600. Calculate the highest common divisor of h and 240.
60
Let k = 779 + -754. Let h = 155 + -5. What is the greatest common divisor of h and k?
25
Let r(t) = 11*t**2 - 3*t - 8. Let l be r(-2). What is the highest common divisor of 105 and l?
21
Suppose 0 = 4*w - 0*h + 2*h - 774, 375 = 2*w - 3*h. Calculate the highest common divisor of 12 and w.
12
Let a be (-40)/(-100) - 36/(-10). Let x = a + 6. Calculate the greatest common divisor of x and 4.
2
Suppose -28 = 3*j - 97. Calculate the highest common factor of 23 and j.
23
Suppose 10*h = 5*h - 40. Let x = 1 - h. Let z be 2 + 6/(-2) - -10. What is the greatest common divisor of x and z?
9
Suppose 0 = x - 5*x + 104. Let n(r) = -22*r - 243. Let g be n(-14). What is the greatest common factor of x and g?
13
Let b be 5/(30/42) - 5. Suppose 0 = -b*w - 2*w + 2*p + 480, -5*p = -10. Calculate the greatest common factor of 11 and w.
11
Let j = 454 - 219. Calculate the greatest common factor of j and 47.
47
Let f = 2010 + -1970. What is the greatest common divisor of 1140 and f?
20
Let p(o) = 3*o + 10. Let d be p(-8). Let w(a) = -a**3 - 14*a**2 - 2*a - 13. Let y be w(d). Let h = -15 + 21. Calculate the greatest common factor of h and y.
3
Let s = 2 - -2. Suppose 0*a = -3*a, 2*r - s*a = 12. Let b be (-31)/186 - (-2)/((-48)/(-580)). Calculate the greatest common divisor of b and r.
6
Suppose x - 13 = 34. Calculate the highest common factor of 47 and x.
47
Suppose -52*y + 71*y - 3933 = 0. What is the highest common factor of y and 23?
23
Suppose -5*n + 5 - 145 = -5*q, -q + 2*n = -29. Let g = 6 - -237. What is the highest common factor of q and g?
27
Let a(n) = -22*n**2 + 13 + 16*n + 11*n**2 + 10*n**2 + n. Let v be a(14). What is the greatest common divisor of 11 and v?
11
Let a(t) = -t**2 - 8*t + 17. Let f be a(5). Let v be (f/(-21))/((-12)/(-42)). What is the greatest common factor of 24 and v?
8
Let w(n) = 7*n**2 + 6*n - 1. Let m be w(-5). Calculate the highest common factor of m and 24.
24
Suppose 13 = 4*a - 71. Suppose -4*f + 3*g = 391 - 1156, 573 = 3*f - 2*g. Calculate the highest common divisor of a and f.
21
Suppose 3*k + 2*x - 17 + 18 = 0, 4*k - 5*x - 37 = 0. What is the greatest common divisor of k and 474?
3
Suppose -2*h - 224 = -6*h. Let q(n) = -n**2 - 16*n + 13. Let l be q(-17). Let d be ((-2)/l)/((-4)/(-56)). Calculate the highest common divisor of d and h.
7
Suppose 0 = -10*b + 12*b - 10. Calculate the highest common divisor of b and 5.
5
Let g be 4/12*((-9)/(-3) - -384). Suppose -5*c = f - g, -2*c - c - 89 = -f. Calculate the highest common factor of 156 and f.
52
Let o = -653 - -1003. Let k be 5*((-2)/7 - (-3180)/o). Calculate the highest common factor of k and 176.
44
Let x = 23 - 20. Suppose 5*k - x*k = 54. Calculate the highest common divisor of k and 27.
27
Suppose 0 = 12*v - 18*v + 486. What is the highest common factor of v and 99?
9
Suppose -3*v + 32 = 5*v. Let k(y) = -y**3 + 7*y**2 - 3*y - 8. Let m be k(v). Let s = -8 + 12. Calculate the greatest common factor of s and m.
4
Suppose -3*o + 2*o + 32 = 0. Let n be 0*(-2 + 0)/2. Suppose n = -m - 3*m + 32. What is the greatest common divisor of m and o?
8
Let m be (600 - -24) + (0/(-1))/3. What is the highest common factor of m and 39?
39
Suppose -4*w - 5*m + 600 = -2*m, -3*m - 450 = -3*w. What is the highest common divisor of w and 45?
15
Let o = 371 + -369. Calculate the highest common factor of 86 and o.
2
Suppose 88 = 5*m - 27. Suppose 4*b - m - 13 = 0. Calculate the highest common divisor of b and 9.
9
Let m(i) = 27*i**2 + 5*i - 4. Let v be m(1). Suppose -8*r + 3*r = -210. What is the greatest common divisor of v and r?
14
Suppose 555 = -5*q - 3*v, -5*q - 78 - 507 = -3*v. Let c = q - -124. What is the greatest common factor of c and 10?
10
Suppose -u - 16 = 14*r - 19*r, -4*r + 24 = 2*u. What is the greatest common divisor of 9 and r?
1
Let h be -7 - (21/7 + (-65)/5). Calculate the greatest common divisor of h and 27.
3
Let s be (-6)/(-4)*(-4)/(-3). Suppose -s*y = -234 - 38. Let n = 29 - 12. What is the greatest common divisor of y and n?
17
Suppose -8*b + 21*b - 962 = 0. Suppose -b = -3*j + 25. What is the highest common divisor of j and 3?
3
Suppose 3*c - 3*v = -5*v + 3, 2*v - 6 = 0. Let o be -2 - (1 - c - 223). Suppose 3*t - o = 54. Calculate the greatest common factor of t and 13.
13
Let n = 96 + -65. Suppose -5*w = -4*d + 140, 4*w - 2*d = -n - 75. Let g be w/(-32) - 9/(-4). What is the greatest common factor of g and 6?
3
Suppose -v = 4*v - 540. Let q be (12 + 6)*4/32*32. Calculate the highest common factor of q and v.
36
Let m = 28 - 19. Let x = -3 + -4. Let t(d) = 2*d**2 + 11*d + 6. Let n be t(x). What is the greatest common divisor of n and m?
9
Let b be (-50)/4*-56*(-11)/(-110). Calculate the greatest common factor of 590 and b.
10
Let a = 503 + -483. Calculate the greatest common divisor of 160 and a.
20
Let z(m) = -7*m**3 + 2*m**2 - 5*m - 6. Let x be z(-1). Calculate the highest common divisor of x and 200.
8
Let n = -15 - -47. Let b = n + 158. What is the greatest common divisor of b and 76?
38
Let j be 18 + (0 + -3)*1. Calculate the greatest common factor of 39 and j.
3
Suppose -63*r + 65*r + 2*c = 946, -4*r + 1862 = -2*c. What is the greatest common divisor of 26 and r?
26
Let v(j) = -48*j + 16. Let d be v(-4). What is the highest common factor of d and 13?
13
Let k be (-615)/(-25) - 30/(-75). Let j = 75 + 150. What is the highest common factor of k and j?
25
Let s be (-156)/(-16)*(-288)/(-54). Calculate the highest common divisor of s and 494.
26
Let j(v) = -13*v**3 + v**2. Let y be j(-2). Let g be 124/10 + 26/(-65). Calculate the greatest common divisor of y and g.
12
Suppose 1202 = -3*x + 3191. Calculate the greatest common factor of 78 and x.
39
Suppose 8*o - 3*u = 3*o + 32, 4*o + 3*u = 31. Let h = -3 + o. Suppose -h*f + 8 + 32 = 0. What is the highest common divisor of f and 30?
10
Let t = 94 + -19. Suppose 0 = -0*n - 4*n - 3*g + 63, -5*n + g + 74 = 0. Calculate the greatest common divisor of n and t.
15
Suppose 19*m - 336 = 25. Calculate the highest common divisor of 38 and m.
19
Let a = 16 + -10. Let v be 2/a*(-126)/(-2). Let s be (6/(-9))/((-2)/v). What is the greatest common factor of 35 and s?
7
Suppose 2*i = 2*p + 132, 5*i - 162 = -2*p + 189. Let s be 1/7 - (-8)/(224/5988). Let v be 8/36 - (1 + s/(-9)). What is the greatest common factor of v and i?
23
Let m be (2*-1)/(2/(-12)). Suppose y - 8 = -5*g, 5*y = 3*y - 4*g + 28. What is the greatest common factor of y and m?
6
Let p be (-353)/9 - 3*4/(-54). Let q be 0 - (-2)/10 - p/5. Calculate the gre